{"id":1818,"date":"2023-04-21T09:48:30","date_gmt":"2023-04-21T09:48:30","guid":{"rendered":"https:\/\/instalacionesespinoza.mx\/?page_id=1818"},"modified":"2023-04-21T09:49:08","modified_gmt":"2023-04-21T09:49:08","slug":"aviso-de-privacidad","status":"publish","type":"page","link":"https:\/\/instalacionesespinoza.mx\/index.php\/aviso-de-privacidad\/","title":{"rendered":"Aviso de privacidad"},"content":{"rendered":"<p><span style=\"font-weight: 400;\">De acuerdo a lo Previsto en la \u201cLey Federal de Protecci\u00f3n de Datos Personales\u201d, <\/span><b>Instalaciones Espinoza Hermanos<\/b><span style=\"font-weight: 400;\">, declara\u00a0 ser una empresa legalmente constituida de conformidad con las leyes mexicanas, con domicilio en <\/span><b>(<\/b><b>Cadmio 208-6o. SECTOR, Valle de Infonavit, 64350 Monterrey, N.L.<\/b><b>)<\/b><span style=\"font-weight: 400;\"> y como responsable del tratamiento de sus datos personales, hace de su conocimiento que la informaci\u00f3n de nuestros\u00a0 clientes es tratada de forma estrictamente confidencial por lo que al proporcionar sus datos personales, <\/span><b>tales como:\u00a0<\/b><\/p>\n<ol>\n<li style=\"font-weight: 400;\" aria-level=\"1\"><b>Nombre Completo.\u00a0<\/b><\/li>\n<li style=\"font-weight: 400;\" aria-level=\"1\"><b>Direcci\u00f3n.\u00a0<\/b><\/li>\n<li style=\"font-weight: 400;\" aria-level=\"1\"><b>Registro Federal de Contribuyentes.\u00a0<\/b><\/li>\n<li style=\"font-weight: 400;\" aria-level=\"1\"><b>Tel\u00e9fonos de Hogar, Oficina y m\u00f3viles\u00a0<\/b><\/li>\n<li style=\"font-weight: 400;\" aria-level=\"1\"><b>Correo Electr\u00f3nico.\u00a0<\/b><\/li>\n<\/ol>\n<p><span style=\"font-weight: 400;\">Estos ser\u00e1n utilizados \u00fanica y exclusivamente para los siguientes fines:<\/span><\/p>\n<ol>\n<li style=\"font-weight: 400;\" aria-level=\"1\"><b>Informaci\u00f3n y Prestaci\u00f3n de Servicios.\u00a0<\/b><\/li>\n<li style=\"font-weight: 400;\" aria-level=\"1\"><b>Actualizaci\u00f3n de la Base de Datos.\u00a0<\/b><\/li>\n<li style=\"font-weight: 400;\" aria-level=\"1\"><b>Cualquier finalidad an\u00e1loga o compatible con las anteriores.\u00a0<\/b><\/li>\n<\/ol>\n<p><span style=\"font-weight: 400;\">En el caso de Datos sensibles, tales como:<\/span><\/p>\n<ol>\n<li style=\"font-weight: 400;\" aria-level=\"1\"><b>Datos Financieros (Ingresos, Estados de Cuenta, y dem\u00e1s relacionados)\u00a0<\/b><\/li>\n<li style=\"font-weight: 400;\" aria-level=\"1\"><b>Datos Patrimoniales (Bienes Materiales, Inmuebles, y dem\u00e1s relacionados)\u00a0<\/b><\/li>\n<li style=\"font-weight: 400;\" aria-level=\"1\"><b>Datos Personales (C\u00f3nyuge, Estado Civil, Nacionalidad, Educaci\u00f3n, Hijos, y dem\u00e1s relacionados).<\/b><\/li>\n<li style=\"font-weight: 400;\" aria-level=\"1\"><b>Referencias familiares y no familiares (Nombre, Direcci\u00f3n, Tel\u00e9fono, relaci\u00f3n, etc.).\u00a0<\/b><\/li>\n<\/ol>\n<p><span style=\"font-weight: 400;\">Estos ser\u00e1n utilizados \u00fanica y exclusivamente para los siguientes fines:<\/span><\/p>\n<ol>\n<li style=\"font-weight: 400;\" aria-level=\"1\"><b>Investigaci\u00f3n y\/u Obtenci\u00f3n de Cr\u00e9ditos ante las Instituciones Financieras.\u00a0<\/b><\/li>\n<li style=\"font-weight: 400;\" aria-level=\"1\"><b>Cualquier finalidad an\u00e1loga o compatible con la anterior.\u00a0<\/b><\/li>\n<li style=\"font-weight: 400;\" aria-level=\"1\"><b>Informaci\u00f3n y Prestaci\u00f3n de Servicios\u00a0<\/b><\/li>\n<\/ol>\n<p><span style=\"font-weight: 400;\">Para prevenir el acceso no autorizado a sus datos personales y con el fin de asegurar que la informaci\u00f3n sea utilizada para\u00a0 los fines establecidos en este aviso de privacidad, hemos establecido diversos procedimientos con la finalidad de evitar el\u00a0 uso o divulgaci\u00f3n no autorizados de sus datos, permiti\u00e9ndonos tratarlos debidamente.<\/span><\/p>\n<p><span style=\"font-weight: 400;\">As\u00ed mismo, le informamos que sus datos personales pueden ser Transmitidos para ser tratados por personas distintas a esta\u00a0 empresa.<\/span><\/p>\n<p><span style=\"font-weight: 400;\">Todos sus datos personales son tratados de acuerdo a la legislaci\u00f3n aplicable y vigente en el pa\u00eds, por ello le informamos\u00a0 que usted tiene en todo momento los derechos <\/span><b>(ARCO) <\/b><span style=\"font-weight: 400;\">de acceder, rectificar, cancelar u oponerse al tratamiento que le\u00a0 damos a sus datos personales; derecho que podr\u00e1 hacer valer a trav\u00e9s de <\/span><b>(Info@instalacionesespinoza.mx)<\/b><\/p>\n<p><span style=\"font-weight: 400;\">A trav\u00e9s de estos canales usted podr\u00e1 actualizar sus datos y especificar el medio por el cual desea recibir informaci\u00f3n, ya\u00a0 que en caso de no contar con esta especificaci\u00f3n de su parte, <\/span><b>Instalaciones Espinoza Hermanos<\/b><span style=\"font-weight: 400;\"> establecer\u00e1 libremente el\u00a0 canal que considere pertinente para enviarle informaci\u00f3n.<\/span><\/p>\n<p><span style=\"font-weight: 400;\">Este aviso de privacidad podr\u00e1 ser modificado por <\/span><b>Instalaciones Espinoza Hermanos<\/b><span style=\"font-weight: 400;\">, dichas modificaciones ser\u00e1n\u00a0 oportunamente informadas a trav\u00e9s de correo electr\u00f3nico, tel\u00e9fono, o cualquier otro medio de comunicaci\u00f3n que\u00a0 <\/span><b>Instalaciones Espinoza Hermanos<\/b><span style=\"font-weight: 400;\"> determine para tal efecto.<\/span><\/p>\n<p><b>ATENTAMENTE<\/b><\/p>\n<p><b>Instalaciones Espinoza Hermanos<\/b><\/p>\n","protected":false},"excerpt":{"rendered":"<p>De acuerdo a lo Previsto en la \u201cLey Federal de Protecci\u00f3n de Datos Personales\u201d, Instalaciones Espinoza Hermanos, declara\u00a0 ser una empresa legalmente constituida de conformidad con las leyes mexicanas, con domicilio en (Cadmio 208-6o. SECTOR, Valle de Infonavit, 64350 Monterrey, N.L.) y como responsable del tratamiento de sus datos personales, hace de su conocimiento que&#8230;<\/p>\n","protected":false},"author":1,"featured_media":0,"parent":0,"menu_order":0,"comment_status":"closed","ping_status":"closed","template":"templates\/full-width.php","meta":{"_joinchat":[],"footnotes":""},"class_list":["post-1818","page","type-page","status-publish","hentry"],"acf":[],"_links":{"self":[{"href":"https:\/\/instalacionesespinoza.mx\/index.php\/wp-json\/wp\/v2\/pages\/1818","targetHints":{"allow":["GET"]}}],"collection":[{"href":"https:\/\/instalacionesespinoza.mx\/index.php\/wp-json\/wp\/v2\/pages"}],"about":[{"href":"https:\/\/instalacionesespinoza.mx\/index.php\/wp-json\/wp\/v2\/types\/page"}],"author":[{"embeddable":true,"href":"https:\/\/instalacionesespinoza.mx\/index.php\/wp-json\/wp\/v2\/users\/1"}],"replies":[{"embeddable":true,"href":"https:\/\/instalacionesespinoza.mx\/index.php\/wp-json\/wp\/v2\/comments?post=1818"}],"version-history":[{"count":1,"href":"https:\/\/instalacionesespinoza.mx\/index.php\/wp-json\/wp\/v2\/pages\/1818\/revisions"}],"predecessor-version":[{"id":1819,"href":"https:\/\/instalacionesespinoza.mx\/index.php\/wp-json\/wp\/v2\/pages\/1818\/revisions\/1819"}],"wp:attachment":[{"href":"https:\/\/instalacionesespinoza.mx\/index.php\/wp-json\/wp\/v2\/media?parent=1818"}],"curies":[{"name":"wp","href":"https:\/\/api.w.org\/{rel}","templated":true}]}}